[INFO] cloning repository https://github.com/mktia/cosmwasm-sample-contract
[INFO] running `Command { std: "git" "-c" "credential.helper=" "-c" "credential.helper=/workspace/cargo-home/bin/git-credential-null" "clone" "--bare" "https://github.com/mktia/cosmwasm-sample-contract" "/workspace/cache/git-repos/https%3A%2F%2Fgithub.com%2Fmktia%2Fcosmwasm-sample-contract", kill_on_drop: false }`
[INFO] [stderr] Cloning into bare repository '/workspace/cache/git-repos/https%3A%2F%2Fgithub.com%2Fmktia%2Fcosmwasm-sample-contract'...
[INFO] running `Command { std: "git" "rev-parse" "HEAD", kill_on_drop: false }`
[INFO] [stdout] 792280a00cd57d97067c8f1512a917449f3b6fd9
[INFO] building mktia/cosmwasm-sample-contract against master#ff34b919075f35a1787659e9c448a34b06bab8de for issue-85264
[INFO] running `Command { std: "git" "clone" "/workspace/cache/git-repos/https%3A%2F%2Fgithub.com%2Fmktia%2Fcosmwasm-sample-contract" "/workspace/builds/worker-13/source", kill_on_drop: false }`
[INFO] [stderr] Cloning into '/workspace/builds/worker-13/source'...
[INFO] [stderr] done.
[INFO] validating manifest of git repo https://github.com/mktia/cosmwasm-sample-contract on toolchain ff34b919075f35a1787659e9c448a34b06bab8de
[INFO] running `Command { std: "/workspace/cargo-home/bin/cargo" "+ff34b919075f35a1787659e9c448a34b06bab8de" "metadata" "--manifest-path" "Cargo.toml" "--no-deps", kill_on_drop: false }`
[INFO] removed /workspace/builds/worker-13/source/.cargo/config
[INFO] started tweaking git repo https://github.com/mktia/cosmwasm-sample-contract
[INFO] finished tweaking git repo https://github.com/mktia/cosmwasm-sample-contract
[INFO] tweaked toml for git repo https://github.com/mktia/cosmwasm-sample-contract written to /workspace/builds/worker-13/source/Cargo.toml
[INFO] crate git repo https://github.com/mktia/cosmwasm-sample-contract already has a lockfile, it will not be regenerated
[INFO] running `Command { std: "/workspace/cargo-home/bin/cargo" "+ff34b919075f35a1787659e9c448a34b06bab8de" "fetch" "--manifest-path" "Cargo.toml", kill_on_drop: false }`
[INFO] running `Command { std: "docker" "create" "-v" "/var/lib/crater-agent-workspace/builds/worker-13/target:/opt/rustwide/target:rw,Z" "-v" "/var/lib/crater-agent-workspace/builds/worker-13/source:/opt/rustwide/workdir:ro,Z" "-v" "/var/lib/crater-agent-workspace/cargo-home:/opt/rustwide/cargo-home:ro,Z" "-v" "/var/lib/crater-agent-workspace/rustup-home:/opt/rustwide/rustup-home:ro,Z" "-e" "SOURCE_DIR=/opt/rustwide/workdir" "-e" "CARGO_TARGET_DIR=/opt/rustwide/target" "-e" "CARGO_HOME=/opt/rustwide/cargo-home" "-e" "RUSTUP_HOME=/opt/rustwide/rustup-home" "-w" "/opt/rustwide/workdir" "-m" "1610612736" "--user" "0:0" "--network" "none" "ghcr.io/rust-lang/crates-build-env/linux@sha256:20528e8c29e4536546f0102ce88568b16ea7538393a33fcca951030f7af10457" "/opt/rustwide/cargo-home/bin/cargo" "+ff34b919075f35a1787659e9c448a34b06bab8de" "metadata" "--no-deps" "--format-version=1", kill_on_drop: false }`
[INFO] [stdout] 161b079f9f4c1e28e8960f8bbaa5d9c34c269663833ede3782e1ba5c53e9055d
[INFO] [stderr] WARNING: Your kernel does not support swap limit capabilities or the cgroup is not mounted. Memory limited without swap.
[INFO] running `Command { std: "docker" "start" "-a" "161b079f9f4c1e28e8960f8bbaa5d9c34c269663833ede3782e1ba5c53e9055d", kill_on_drop: false }`
[INFO] running `Command { std: "docker" "inspect" "161b079f9f4c1e28e8960f8bbaa5d9c34c269663833ede3782e1ba5c53e9055d", kill_on_drop: false }`
[INFO] running `Command { std: "docker" "rm" "-f" "161b079f9f4c1e28e8960f8bbaa5d9c34c269663833ede3782e1ba5c53e9055d", kill_on_drop: false }`
[INFO] [stdout] 161b079f9f4c1e28e8960f8bbaa5d9c34c269663833ede3782e1ba5c53e9055d
[INFO] running `Command { std: "docker" "create" "-v" "/var/lib/crater-agent-workspace/builds/worker-13/target:/opt/rustwide/target:rw,Z" "-v" "/var/lib/crater-agent-workspace/builds/worker-13/source:/opt/rustwide/workdir:ro,Z" "-v" "/var/lib/crater-agent-workspace/cargo-home:/opt/rustwide/cargo-home:ro,Z" "-v" "/var/lib/crater-agent-workspace/rustup-home:/opt/rustwide/rustup-home:ro,Z" "-e" "SOURCE_DIR=/opt/rustwide/workdir" "-e" "CARGO_TARGET_DIR=/opt/rustwide/target" "-e" "CARGO_INCREMENTAL=0" "-e" "RUST_BACKTRACE=full" "-e" "RUSTFLAGS=--cap-lints=forbid" "-e" "CARGO_HOME=/opt/rustwide/cargo-home" "-e" "RUSTUP_HOME=/opt/rustwide/rustup-home" "-w" "/opt/rustwide/workdir" "-m" "1610612736" "--user" "0:0" "--network" "none" "ghcr.io/rust-lang/crates-build-env/linux@sha256:20528e8c29e4536546f0102ce88568b16ea7538393a33fcca951030f7af10457" "/opt/rustwide/cargo-home/bin/cargo" "+ff34b919075f35a1787659e9c448a34b06bab8de" "build" "--frozen" "--message-format=json", kill_on_drop: false }`
[INFO] [stdout] e917c943403fe9f2d913b0673e7461a2aaaef03f63f7f0864390d7a6f1476c37
[INFO] [stderr] WARNING: Your kernel does not support swap limit capabilities or the cgroup is not mounted. Memory limited without swap.
[INFO] running `Command { std: "docker" "start" "-a" "e917c943403fe9f2d913b0673e7461a2aaaef03f63f7f0864390d7a6f1476c37", kill_on_drop: false }`
[INFO] [stderr]     Blocking waiting for file lock on package cache
[INFO] [stderr]     Blocking waiting for file lock on package cache
[INFO] [stderr]    Compiling proc-macro2 v1.0.19
[INFO] [stderr]    Compiling unicode-xid v0.2.1
[INFO] [stderr]    Compiling syn v1.0.35
[INFO] [stderr]    Compiling serde_derive v1.0.114
[INFO] [stderr]    Compiling serde v1.0.114
[INFO] [stderr]    Compiling serde_json v1.0.56
[INFO] [stderr]    Compiling doc-comment v0.3.3
[INFO] [stderr]    Compiling schemars v0.7.6
[INFO] [stderr]    Compiling itoa v0.4.6
[INFO] [stderr]    Compiling quote v1.0.7
[INFO] [stderr]    Compiling serde_derive_internals v0.25.0
[INFO] [stderr]    Compiling snafu-derive v0.6.8
[INFO] [stderr]    Compiling schemars_derive v0.7.6
[INFO] [stderr]    Compiling thiserror-impl v1.0.20
[INFO] [stderr]    Compiling thiserror v1.0.20
[INFO] [stderr]    Compiling snafu v0.6.8
[INFO] [stderr]    Compiling serde-json-wasm v0.2.1
[INFO] [stderr]    Compiling cosmwasm-std v0.11.2
[INFO] [stderr]    Compiling cosmwasm-storage v0.11.2
[INFO] [stderr]    Compiling cw-escrow v0.6.0 (/opt/rustwide/workdir)
[INFO] [stderr]     Finished dev [unoptimized + debuginfo] target(s) in 37.46s
[INFO] running `Command { std: "docker" "inspect" "e917c943403fe9f2d913b0673e7461a2aaaef03f63f7f0864390d7a6f1476c37", kill_on_drop: false }`
[INFO] running `Command { std: "docker" "rm" "-f" "e917c943403fe9f2d913b0673e7461a2aaaef03f63f7f0864390d7a6f1476c37", kill_on_drop: false }`
[INFO] [stdout] e917c943403fe9f2d913b0673e7461a2aaaef03f63f7f0864390d7a6f1476c37
[INFO] running `Command { std: "docker" "create" "-v" "/var/lib/crater-agent-workspace/builds/worker-13/target:/opt/rustwide/target:rw,Z" "-v" "/var/lib/crater-agent-workspace/builds/worker-13/source:/opt/rustwide/workdir:ro,Z" "-v" "/var/lib/crater-agent-workspace/cargo-home:/opt/rustwide/cargo-home:ro,Z" "-v" "/var/lib/crater-agent-workspace/rustup-home:/opt/rustwide/rustup-home:ro,Z" "-e" "SOURCE_DIR=/opt/rustwide/workdir" "-e" "CARGO_TARGET_DIR=/opt/rustwide/target" "-e" "CARGO_INCREMENTAL=0" "-e" "RUST_BACKTRACE=full" "-e" "RUSTFLAGS=--cap-lints=forbid" "-e" "CARGO_HOME=/opt/rustwide/cargo-home" "-e" "RUSTUP_HOME=/opt/rustwide/rustup-home" "-w" "/opt/rustwide/workdir" "-m" "1610612736" "--user" "0:0" "--network" "none" "ghcr.io/rust-lang/crates-build-env/linux@sha256:20528e8c29e4536546f0102ce88568b16ea7538393a33fcca951030f7af10457" "/opt/rustwide/cargo-home/bin/cargo" "+ff34b919075f35a1787659e9c448a34b06bab8de" "test" "--frozen" "--no-run" "--message-format=json", kill_on_drop: false }`
[INFO] [stdout] ab1137fbaf2cc963f1b40f4d582e42d54a4da06b736a2acfe26797d8f8df2c5d
[INFO] [stderr] WARNING: Your kernel does not support swap limit capabilities or the cgroup is not mounted. Memory limited without swap.
[INFO] running `Command { std: "docker" "start" "-a" "ab1137fbaf2cc963f1b40f4d582e42d54a4da06b736a2acfe26797d8f8df2c5d", kill_on_drop: false }`
[INFO] [stderr]    Compiling cfg-if v0.1.10
[INFO] [stderr]    Compiling typenum v1.12.0
[INFO] [stderr]    Compiling libc v0.2.73
[INFO] [stderr]    Compiling version_check v0.9.2
[INFO] [stderr]    Compiling cc v1.0.58
[INFO] [stderr]    Compiling cranelift-entity v0.59.0
[INFO] [stderr]    Compiling target-lexicon v0.10.0
[INFO] [stderr]    Compiling lazy_static v1.4.0
[INFO] [stderr]    Compiling smallvec v1.4.1
[INFO] [stderr]    Compiling cranelift-codegen-shared v0.59.0
[INFO] [stderr]    Compiling subtle v2.2.3
[INFO] [stderr]    Compiling log v0.4.11
[INFO] [stderr]    Compiling arrayref v0.3.6
[INFO] [stderr]    Compiling arrayvec v0.5.1
[INFO] [stderr]    Compiling constant_time_eq v0.1.5
[INFO] [stderr]    Compiling nix v0.15.0
[INFO] [stderr]    Compiling rayon-core v1.7.1
[INFO] [stderr]    Compiling wasmparser v0.51.4
[INFO] [stderr]    Compiling void v1.0.2
[INFO] [stderr]    Compiling hex v0.4.2
[INFO] [stderr]    Compiling parity-wasm v0.42.1
[INFO] [stderr]    Compiling hashbrown v0.8.1
[INFO] [stderr]    Compiling indexmap v1.5.0
[INFO] [stderr]    Compiling memoffset v0.5.5
[INFO] [stderr]    Compiling crossbeam-epoch v0.8.2
[INFO] [stderr]    Compiling lock_api v0.3.4
[INFO] [stderr]    Compiling rayon v1.3.1
[INFO] [stderr]    Compiling serde_bytes v0.11.5
[INFO] [stderr]    Compiling bincode v1.3.1
[INFO] [stderr]    Compiling serde-bench v0.0.7
[INFO] [stderr]    Compiling cosmwasm-schema v0.11.2
[INFO] [stderr]    Compiling crossbeam-utils v0.7.2
[INFO] [stderr]    Compiling cranelift-codegen-meta v0.59.0
[INFO] [stderr]    Compiling cranelift-bforest v0.59.0
[INFO] [stderr]    Compiling generic-array v0.14.3
[INFO] [stderr]    Compiling crossbeam-queue v0.2.3
[INFO] [stderr]    Compiling crossbeam-deque v0.7.3
[INFO] [stderr]    Compiling blake3 v0.3.5
[INFO] [stderr]    Compiling raw-cpuid v7.0.3
[INFO] [stderr]    Compiling gimli v0.20.0
[INFO] [stderr]    Compiling generic-array v0.12.3
[INFO] [stderr]    Compiling digest v0.8.1
[INFO] [stderr]    Compiling digest v0.9.0
[INFO] [stderr]    Compiling crypto-mac v0.8.0
[INFO] [stderr]    Compiling block-buffer v0.9.0
[INFO] [stderr]    Compiling parking_lot_core v0.7.2
[INFO] [stderr]    Compiling errno v0.2.6
[INFO] [stderr]    Compiling num_cpus v1.13.0
[INFO] [stderr]    Compiling page_size v0.4.2
[INFO] [stderr]    Compiling memmap v0.7.0
[INFO] [stderr]    Compiling sha2 v0.9.1
[INFO] [stderr]    Compiling parking_lot v0.10.2
[INFO] [stderr]    Compiling wasmer-runtime-core v0.17.0
[INFO] [stderr]    Compiling cranelift-codegen v0.59.0
[INFO] [stderr]    Compiling wasmer-middleware-common v0.17.0
[INFO] [stderr]    Compiling wasmer-clif-fork-frontend v0.59.0
[INFO] [stderr]    Compiling cranelift-native v0.59.0
[INFO] [stderr]    Compiling wasmer-clif-fork-wasm v0.59.0
[INFO] [stderr]    Compiling wasmer-clif-backend v0.17.0
[INFO] [stderr]    Compiling cosmwasm-vm v0.11.2
[INFO] [stderr]    Compiling cw-escrow v0.6.0 (/opt/rustwide/workdir)
[INFO] [stdout] error: couldn't read tests/../target/wasm32-unknown-unknown/release/cw_escrow.wasm: No such file or directory (os error 2)
[INFO] [stdout]   --> tests/integration.rs:32:22
[INFO] [stdout]    |
[INFO] [stdout] 32 | static WASM: &[u8] = include_bytes!("../target/wasm32-unknown-unknown/release/cw_escrow.wasm");
[INFO] [stdout]    |                      ^^^^^^^^^^^^^^^^^^^^^^^^^^^^^^^^^^^^^^^^^^^^^^^^^^^^^^^^^^^^^^^^^^^^^^^^^
[INFO] [stdout]    |
[INFO] [stdout]    = note: this error originates in a macro (in Nightly builds, run with -Z macro-backtrace for more info)
[INFO] [stdout] 
[INFO] [stdout] 
[INFO] [stdout] warning: use of deprecated variant `cosmwasm_std::StdError::Unauthorized`: All StdError cases not required by the standard library will be removed in cosmwasm-std 0.12. Please migrate to custom errors instead of using StdError.
[INFO] [stdout]    --> tests/integration.rs:156:9
[INFO] [stdout]     |
[INFO] [stdout] 156 |         StdError::Unauthorized { .. } => {}
[INFO] [stdout]     |         ^^^^^^^^^^^^^^^^^^^^^^
[INFO] [stdout]     |
[INFO] [stdout]     = note: `#[warn(deprecated)]` on by default
[INFO] [stdout] 
[INFO] [stdout] 
[INFO] [stdout] error[E0061]: this function takes 0 arguments but 2 arguments were supplied
[INFO] [stdout]    --> tests/integration.rs:46:19
[INFO] [stdout]     |
[INFO] [stdout] 46  |     let mut env = mock_env(signer, sent);
[INFO] [stdout]     |                   ^^^^^^^^ ------  ---- supplied 2 arguments
[INFO] [stdout]     |                   |
[INFO] [stdout]     |                   expected 0 arguments
[INFO] [stdout]     |
[INFO] [stdout] note: function defined here
[INFO] [stdout]    --> /opt/rustwide/cargo-home/registry/src/github.com-1ecc6299db9ec823/cosmwasm-vm-0.11.2/src/testing/mock.rs:148:8
[INFO] [stdout]     |
[INFO] [stdout] 148 | pub fn mock_env() -> Env {
[INFO] [stdout]     |        ^^^^^^^^
[INFO] [stdout] 
[INFO] [stdout] 
[INFO] [stdout] error[E0061]: this function takes 4 arguments but 3 arguments were supplied
[INFO] [stdout]   --> tests/integration.rs:58:29
[INFO] [stdout]    |
[INFO] [stdout] 58 |     let res: InitResponse = init(&mut deps, env, msg).unwrap();
[INFO] [stdout]    |                             ^^^^ ---------  ---  --- supplied 3 arguments
[INFO] [stdout]    |                             |
[INFO] [stdout]    |                             expected 4 arguments
[INFO] [stdout]    |
[INFO] [stdout] note: function defined here
[INFO] [stdout]   --> /opt/rustwide/cargo-home/registry/src/github.com-1ecc6299db9ec823/cosmwasm-vm-0.11.2/src/testing/calls.rs:20:8
[INFO] [stdout]    |
[INFO] [stdout] 20 | pub fn init<S, A, Q, M, U>(
[INFO] [stdout]    |        ^^^^
[INFO] [stdout] 
[INFO] [stdout] 
[INFO] [stdout] error[E0061]: this function takes 4 arguments but 3 arguments were supplied
[INFO] [stdout]   --> tests/integration.rs:96:27
[INFO] [stdout]    |
[INFO] [stdout] 96 |     let res: InitResult = init(&mut deps, env, msg);
[INFO] [stdout]    |                           ^^^^ ---------  ---  --- supplied 3 arguments
[INFO] [stdout]    |                           |
[INFO] [stdout]    |                           expected 4 arguments
[INFO] [stdout]    |
[INFO] [stdout] note: function defined here
[INFO] [stdout]   --> /opt/rustwide/cargo-home/registry/src/github.com-1ecc6299db9ec823/cosmwasm-vm-0.11.2/src/testing/calls.rs:20:8
[INFO] [stdout]    |
[INFO] [stdout] 20 | pub fn init<S, A, Q, M, U>(
[INFO] [stdout]    |        ^^^^
[INFO] [stdout] 
[INFO] [stdout] 
[INFO] [stdout] error[E0308]: mismatched types
[INFO] [stdout]   --> tests/integration.rs:96:27
[INFO] [stdout]    |
[INFO] [stdout] 96 |     let res: InitResult = init(&mut deps, env, msg);
[INFO] [stdout]    |              ----------   ^^^^^^^^^^^^^^^^^^^^^^^^^ expected enum `Result`, found enum `ContractResult`
[INFO] [stdout]    |              |
[INFO] [stdout]    |              expected due to this
[INFO] [stdout]    |
[INFO] [stdout]    = note: expected enum `Result<InitResponse, StdError>`
[INFO] [stdout]               found enum `ContractResult<InitResponse<_>>`
[INFO] [stdout] 
[INFO] [stdout] 
[INFO] [stdout] error[E0061]: this function takes 0 arguments but 2 arguments were supplied
[INFO] [stdout]    --> tests/integration.rs:116:15
[INFO] [stdout]     |
[INFO] [stdout] 116 |     let env = mock_env(creator.as_str(), &coins(1000, "earth"));
[INFO] [stdout]     |               ^^^^^^^^ ----------------  --------------------- supplied 2 arguments
[INFO] [stdout]     |               |
[INFO] [stdout]     |               expected 0 arguments
[INFO] [stdout]     |
[INFO] [stdout] note: function defined here
[INFO] [stdout]    --> /opt/rustwide/cargo-home/registry/src/github.com-1ecc6299db9ec823/cosmwasm-vm-0.11.2/src/testing/mock.rs:148:8
[INFO] [stdout]     |
[INFO] [stdout] 148 | pub fn mock_env() -> Env {
[INFO] [stdout]     |        ^^^^^^^^
[INFO] [stdout] 
[INFO] [stdout] 
[INFO] [stdout] error[E0061]: this function takes 4 arguments but 3 arguments were supplied
[INFO] [stdout]    --> tests/integration.rs:117:29
[INFO] [stdout]     |
[INFO] [stdout] 117 |     let res: InitResponse = init(&mut deps, env, msg).unwrap();
[INFO] [stdout]     |                             ^^^^ ---------  ---  --- supplied 3 arguments
[INFO] [stdout]     |                             |
[INFO] [stdout]     |                             expected 4 arguments
[INFO] [stdout]     |
[INFO] [stdout] note: function defined here
[INFO] [stdout]    --> /opt/rustwide/cargo-home/registry/src/github.com-1ecc6299db9ec823/cosmwasm-vm-0.11.2/src/testing/calls.rs:20:8
[INFO] [stdout]     |
[INFO] [stdout] 20  | pub fn init<S, A, Q, M, U>(
[INFO] [stdout]     |        ^^^^
[INFO] [stdout] 
[INFO] [stdout] 
[INFO] [stdout] error[E0061]: this function takes 3 arguments but 2 arguments were supplied
[INFO] [stdout]    --> tests/integration.rs:121:26
[INFO] [stdout]     |
[INFO] [stdout] 121 |     let query_response = query(&mut deps, QueryMsg::Arbiter {}).unwrap();
[INFO] [stdout]     |                          ^^^^^ ---------  -------------------- supplied 2 arguments
[INFO] [stdout]     |                          |
[INFO] [stdout]     |                          expected 3 arguments
[INFO] [stdout]     |
[INFO] [stdout] note: function defined here
[INFO] [stdout]    --> /opt/rustwide/cargo-home/registry/src/github.com-1ecc6299db9ec823/cosmwasm-vm-0.11.2/src/testing/calls.rs:80:8
[INFO] [stdout]     |
[INFO] [stdout] 80  | pub fn query<S, A, Q, M>(
[INFO] [stdout]     |        ^^^^^
[INFO] [stdout] 
[INFO] [stdout] 
[INFO] [stdout] error[E0061]: this function takes 3 arguments but 2 arguments were supplied
[INFO] [stdout]    --> tests/integration.rs:125:16
[INFO] [stdout]     |
[INFO] [stdout] 125 |     let qres = query(&mut deps, HandleMsg::Refund {});
[INFO] [stdout]     |                ^^^^^ ---------  -------------------- supplied 2 arguments
[INFO] [stdout]     |                |
[INFO] [stdout]     |                expected 3 arguments
[INFO] [stdout]     |
[INFO] [stdout] note: function defined here
[INFO] [stdout]    --> /opt/rustwide/cargo-home/registry/src/github.com-1ecc6299db9ec823/cosmwasm-vm-0.11.2/src/testing/calls.rs:80:8
[INFO] [stdout]     |
[INFO] [stdout] 80  | pub fn query<S, A, Q, M>(
[INFO] [stdout]     |        ^^^^^
[INFO] [stdout] 
[INFO] [stdout] 
[INFO] [stdout] error[E0308]: mismatched types
[INFO] [stdout]    --> tests/integration.rs:127:9
[INFO] [stdout]     |
[INFO] [stdout] 126 |     match qres.unwrap_err() {
[INFO] [stdout]     |           ----------------- this expression has type `String`
[INFO] [stdout] 127 |         StdError::ParseErr { .. } => {}
[INFO] [stdout]     |         ^^^^^^^^^^^^^^^^^^^^^^^^^ expected struct `String`, found enum `StdError`
[INFO] [stdout] 
[INFO] [stdout] 
[INFO] [stdout] error[E0061]: this function takes 4 arguments but 3 arguments were supplied
[INFO] [stdout]    --> tests/integration.rs:141:34
[INFO] [stdout]     |
[INFO] [stdout] 141 |     let init_res: InitResponse = init(&mut deps, init_env, msg).unwrap();
[INFO] [stdout]     |                                  ^^^^ ---------  --------  --- supplied 3 arguments
[INFO] [stdout]     |                                  |
[INFO] [stdout]     |                                  expected 4 arguments
[INFO] [stdout]     |
[INFO] [stdout] note: function defined here
[INFO] [stdout]    --> /opt/rustwide/cargo-home/registry/src/github.com-1ecc6299db9ec823/cosmwasm-vm-0.11.2/src/testing/calls.rs:20:8
[INFO] [stdout]     |
[INFO] [stdout] 20  | pub fn init<S, A, Q, M, U>(
[INFO] [stdout]     |        ^^^^
[INFO] [stdout] 
[INFO] [stdout] 
[INFO] [stdout] error[E0061]: this function takes 4 arguments but 3 arguments were supplied
[INFO] [stdout]    --> tests/integration.rs:154:36
[INFO] [stdout]     |
[INFO] [stdout] 154 |     let handle_res: HandleResult = handle(&mut deps, env, msg.clone());
[INFO] [stdout]     |                                    ^^^^^^ ---------  ---  ----------- supplied 3 arguments
[INFO] [stdout]     |                                    |
[INFO] [stdout]     |                                    expected 4 arguments
[INFO] [stdout]     |
[INFO] [stdout] note: function defined here
[INFO] [stdout]    --> /opt/rustwide/cargo-home/registry/src/github.com-1ecc6299db9ec823/cosmwasm-vm-0.11.2/src/testing/calls.rs:40:8
[INFO] [stdout]     |
[INFO] [stdout] 40  | pub fn handle<S, A, Q, M, U>(
[INFO] [stdout]     |        ^^^^^^
[INFO] [stdout] 
[INFO] [stdout] 
[INFO] [stdout] error[E0308]: mismatched types
[INFO] [stdout]    --> tests/integration.rs:154:36
[INFO] [stdout]     |
[INFO] [stdout] 154 |     let handle_res: HandleResult = handle(&mut deps, env, msg.clone());
[INFO] [stdout]     |                     ------------   ^^^^^^^^^^^^^^^^^^^^^^^^^^^^^^^^^^^ expected enum `Result`, found enum `ContractResult`
[INFO] [stdout]     |                     |
[INFO] [stdout]     |                     expected due to this
[INFO] [stdout]     |
[INFO] [stdout]     = note: expected enum `Result<HandleResponse, StdError>`
[INFO] [stdout]                found enum `ContractResult<HandleResponse<_>>`
[INFO] [stdout] 
[INFO] [stdout] 
[INFO] [stdout] error[E0061]: this function takes 4 arguments but 3 arguments were supplied
[INFO] [stdout]    --> tests/integration.rs:162:36
[INFO] [stdout]     |
[INFO] [stdout] 162 |     let handle_res: HandleResult = handle(&mut deps, env, msg.clone());
[INFO] [stdout]     |                                    ^^^^^^ ---------  ---  ----------- supplied 3 arguments
[INFO] [stdout]     |                                    |
[INFO] [stdout]     |                                    expected 4 arguments
[INFO] [stdout]     |
[INFO] [stdout] note: function defined here
[INFO] [stdout]    --> /opt/rustwide/cargo-home/registry/src/github.com-1ecc6299db9ec823/cosmwasm-vm-0.11.2/src/testing/calls.rs:40:8
[INFO] [stdout]     |
[INFO] [stdout] 40  | pub fn handle<S, A, Q, M, U>(
[INFO] [stdout]     |        ^^^^^^
[INFO] [stdout] 
[INFO] [stdout] 
[INFO] [stdout] error[E0308]: mismatched types
[INFO] [stdout]    --> tests/integration.rs:162:36
[INFO] [stdout]     |
[INFO] [stdout] 162 |     let handle_res: HandleResult = handle(&mut deps, env, msg.clone());
[INFO] [stdout]     |                     ------------   ^^^^^^^^^^^^^^^^^^^^^^^^^^^^^^^^^^^ expected enum `Result`, found enum `ContractResult`
[INFO] [stdout]     |                     |
[INFO] [stdout]     |                     expected due to this
[INFO] [stdout]     |
[INFO] [stdout]     = note: expected enum `Result<HandleResponse, StdError>`
[INFO] [stdout]                found enum `ContractResult<HandleResponse<_>>`
[INFO] [stdout] 
[INFO] [stdout] 
[INFO] [stdout] error[E0061]: this function takes 4 arguments but 3 arguments were supplied
[INFO] [stdout]    --> tests/integration.rs:170:38
[INFO] [stdout]     |
[INFO] [stdout] 170 |     let handle_res: HandleResponse = handle(&mut deps, env, msg.clone()).unwrap();
[INFO] [stdout]     |                                      ^^^^^^ ---------  ---  ----------- supplied 3 arguments
[INFO] [stdout]     |                                      |
[INFO] [stdout]     |                                      expected 4 arguments
[INFO] [stdout]     |
[INFO] [stdout] note: function defined here
[INFO] [stdout]    --> /opt/rustwide/cargo-home/registry/src/github.com-1ecc6299db9ec823/cosmwasm-vm-0.11.2/src/testing/calls.rs:40:8
[INFO] [stdout]     |
[INFO] [stdout] 40  | pub fn handle<S, A, Q, M, U>(
[INFO] [stdout]     |        ^^^^^^
[INFO] [stdout] 
[INFO] [stdout] 
[INFO] [stdout] error[E0061]: this function takes 4 arguments but 3 arguments were supplied
[INFO] [stdout]    --> tests/integration.rs:187:38
[INFO] [stdout]     |
[INFO] [stdout] 187 |     let handle_res: HandleResponse = handle(&mut deps, env, partial_msg).unwrap();
[INFO] [stdout]     |                                      ^^^^^^ ---------  ---  ----------- supplied 3 arguments
[INFO] [stdout]     |                                      |
[INFO] [stdout]     |                                      expected 4 arguments
[INFO] [stdout]     |
[INFO] [stdout] note: function defined here
[INFO] [stdout]    --> /opt/rustwide/cargo-home/registry/src/github.com-1ecc6299db9ec823/cosmwasm-vm-0.11.2/src/testing/calls.rs:40:8
[INFO] [stdout]     |
[INFO] [stdout] 40  | pub fn handle<S, A, Q, M, U>(
[INFO] [stdout]     |        ^^^^^^
[INFO] [stdout] 
[INFO] [stdout] 
[INFO] [stdout] error[E0061]: this function takes 4 arguments but 3 arguments were supplied
[INFO] [stdout]    --> tests/integration.rs:209:34
[INFO] [stdout]     |
[INFO] [stdout] 209 |     let init_res: InitResponse = init(&mut deps, init_env, msg).unwrap();
[INFO] [stdout]     |                                  ^^^^ ---------  --------  --- supplied 3 arguments
[INFO] [stdout]     |                                  |
[INFO] [stdout]     |                                  expected 4 arguments
[INFO] [stdout]     |
[INFO] [stdout] note: function defined here
[INFO] [stdout]    --> /opt/rustwide/cargo-home/registry/src/github.com-1ecc6299db9ec823/cosmwasm-vm-0.11.2/src/testing/calls.rs:20:8
[INFO] [stdout]     |
[INFO] [stdout] 20  | pub fn init<S, A, Q, M, U>(
[INFO] [stdout]     |        ^^^^
[INFO] [stdout] 
[INFO] [stdout] 
[INFO] [stdout] error[E0061]: this function takes 4 arguments but 3 arguments were supplied
[INFO] [stdout]    --> tests/integration.rs:221:36
[INFO] [stdout]     |
[INFO] [stdout] 221 |     let handle_res: HandleResult = handle(&mut deps, env, msg.clone());
[INFO] [stdout]     |                                    ^^^^^^ ---------  ---  ----------- supplied 3 arguments
[INFO] [stdout]     |                                    |
[INFO] [stdout]     |                                    expected 4 arguments
[INFO] [stdout]     |
[INFO] [stdout] note: function defined here
[INFO] [stdout]    --> /opt/rustwide/cargo-home/registry/src/github.com-1ecc6299db9ec823/cosmwasm-vm-0.11.2/src/testing/calls.rs:40:8
[INFO] [stdout]     |
[INFO] [stdout] 40  | pub fn handle<S, A, Q, M, U>(
[INFO] [stdout]     |        ^^^^^^
[INFO] [stdout] 
[INFO] [stdout] 
[INFO] [stdout] error[E0308]: mismatched types
[INFO] [stdout]    --> tests/integration.rs:221:36
[INFO] [stdout]     |
[INFO] [stdout] 221 |     let handle_res: HandleResult = handle(&mut deps, env, msg.clone());
[INFO] [stdout]     |                     ------------   ^^^^^^^^^^^^^^^^^^^^^^^^^^^^^^^^^^^ expected enum `Result`, found enum `ContractResult`
[INFO] [stdout]     |                     |
[INFO] [stdout]     |                     expected due to this
[INFO] [stdout]     |
[INFO] [stdout]     = note: expected enum `Result<HandleResponse, StdError>`
[INFO] [stdout]                found enum `ContractResult<HandleResponse<_>>`
[INFO] [stdout] 
[INFO] [stdout] 
[INFO] [stdout] error[E0061]: this function takes 4 arguments but 3 arguments were supplied
[INFO] [stdout]    --> tests/integration.rs:229:38
[INFO] [stdout]     |
[INFO] [stdout] 229 |     let handle_res: HandleResponse = handle(&mut deps, env, msg.clone()).unwrap();
[INFO] [stdout]     |                                      ^^^^^^ ---------  ---  ----------- supplied 3 arguments
[INFO] [stdout]     |                                      |
[INFO] [stdout]     |                                      expected 4 arguments
[INFO] [stdout]     |
[INFO] [stdout] note: function defined here
[INFO] [stdout]    --> /opt/rustwide/cargo-home/registry/src/github.com-1ecc6299db9ec823/cosmwasm-vm-0.11.2/src/testing/calls.rs:40:8
[INFO] [stdout]     |
[INFO] [stdout] 40  | pub fn handle<S, A, Q, M, U>(
[INFO] [stdout]     |        ^^^^^^
[INFO] [stdout] 
[INFO] [stdout] 
[INFO] [stdout] error: aborting due to 21 previous errors; 1 warning emitted
[INFO] [stdout] 
[INFO] [stdout] 
[INFO] [stdout] Some errors have detailed explanations: E0061, E0308.
[INFO] [stdout] 
[INFO] [stdout] For more information about an error, try `rustc --explain E0061`.
[INFO] [stdout] 
[INFO] [stderr] error: could not compile `cw-escrow`
[INFO] [stderr] 
[INFO] [stderr] To learn more, run the command again with --verbose.
[INFO] [stderr] warning: build failed, waiting for other jobs to finish...
[INFO] [stderr] error: build failed
[INFO] running `Command { std: "docker" "inspect" "ab1137fbaf2cc963f1b40f4d582e42d54a4da06b736a2acfe26797d8f8df2c5d", kill_on_drop: false }`
[INFO] running `Command { std: "docker" "rm" "-f" "ab1137fbaf2cc963f1b40f4d582e42d54a4da06b736a2acfe26797d8f8df2c5d", kill_on_drop: false }`
[INFO] [stdout] ab1137fbaf2cc963f1b40f4d582e42d54a4da06b736a2acfe26797d8f8df2c5d
